e 780/(-9)*(-18)/q. What is the highest common factor of r and 13?
13
Let d = -9 - -25. Suppose 3*w - 380 = 52. Calculate the highest common factor of d and w.
16
Suppose -5*i - 165 = -8*i. What is the highest common factor of 5 and i?
5
Let k(m) = -m**3 + 10*m**2 - 8*m - 7. Let r be k(9). What is the greatest common factor of 4 and r?
2
Let k = 36 + -53. Let m = k + 52. Suppose -6*v + m = -v. Calculate the highest common divisor of v and 35.
7
Let o(m) = 2*m - 4. Let h be o(8). Suppose -n = l - 5 - h, -4 = n. Calculate the highest common factor of 3 and l.
3
Let m(w) = -16*w + 4. Let s be m(-3). Let a = s + -28. Calculate the highest common divisor of 3 and a.
3
Let s(t) = 3*t**2 + 7*t - 2*t + 4*t. Let p(c) = -c**2 - 3*c. Let r(o) = 17*p(o) + 6*s(o). Let l be r(-4). Calculate the greatest common factor of 32 and l.
4
Let t = 1 - 5. Let f = t - -15. Suppose -p = 1 - f. Calculate the greatest common factor of p and 20.
10
Suppose 0 = -5*v - 10, -2*v + 22 = 4*z + 3*v. What is the greatest common factor of 12 and z?
4
Suppose -11*v + 4*v = -196. Suppose u - 60 = 3*o + 2*o, 2*u = -3*o + 146. What is the greatest common divisor of u and v?
14
Let j(v) = 67*v + 16. Let b be j(6). Calculate the greatest common divisor of 38 and b.
38
Suppose -24 - 18 = -4*u + 2*x, -u + 28 = -4*x. Calculate the highest common factor of 88 and u.
8
Let c be (216/135)/((-1)/(-240)). What is the greatest common divisor of 12 and c?
12
Suppose 4 + 0 = 2*o - 4*h, 0 = 2*o - 5*h + 1. What is the highest common factor of o and 48?
12
Let h be ((-1)/(-3))/((-14)/(-6930)). Calculate the greatest common factor of h and 30.
15
Suppose -2*o - 595 = -8*b + 3*b, o - 595 = -5*b. Calculate the greatest common divisor of 34 and b.
17
Suppose -2*l + 179 = 3. Suppose 31 = 3*o + 5*k, 5*o + 5 = 2*k + k. Suppose o*r = 6*r - l. What is the greatest common divisor of 2 and r?
2
Let v(h) = -h**3 + 11*h**2 - 19*h + 11. Let g be v(9). What is the greatest common factor of g and 14?
2
Let s(o) = 3*o**2 + o - 8. Let t be s(-3). What is the highest common divisor of 4 and t?
4
Let r = -9 + 18. Let n = r - -10. Let f be (1 + 18)/(4/12). What is the highest common divisor of n and f?
19
Let j = 5085 + -882. Suppose -1808 = -3*x - 5*d - 4966, -d + j = -4*x. Let l be x/(-9) - 4/(-18). Calculate the highest common divisor of 13 and l.
13
Let o = -53 + 108. Let h be 261/45 + 8/(-10). What is the greatest common divisor of o and h?
5
Let y = -277 - -563. Calculate the highest common factor of 26 and y.
26
Suppose -n + 145 = 5*r, r + 4*n + 8 = 2*r. Calculate the greatest common divisor of 14 and r.
14
Let r be 130*(-3)/(-18)*3. Let y be 13 - 0*(-3)/6. Calculate the highest common divisor of r and y.
13
Let h(t) = 7*t**2 + t. Let q be h(1). Suppose m + 4 = -g + 4*g, 5*m - q = g. What is the greatest common factor of 22 and g?
2
Let b be -101*(-3 + 2) + 3. Let z(y) = -y**2 - 8*y + 1. Let u be z(-6). Calculate the greatest common divisor of b and u.
13
Let h be (-5 - 2 - -18) + 3*1. Calculate the highest common divisor of 2 and h.
2
Suppose -4*b - 46 - 22 = 0. Let s = b - -24. Let f be (-2 - -23)/(3/2). What is the greatest common divisor of f and s?
7
Suppose 0 = 12*s + 1 - 61. What is the greatest common divisor of 20 and s?
5
Let r = 21 - 5. Let k = 13 + -11. Suppose -b - 4*q = -148, -7*b + k*b + 665 = 5*q. What is the greatest common factor of b and r?
16
Let h(g) = -g**2 + 5*g + 3. Let w be h(5). Suppose 170 = 4*n + 158. What is the highest common factor of n and w?
3
Let y be -8*(-3)/18*6. Calculate the greatest common divisor of 24 and y.
8
Let r be 36 - (-12)/(8/(-2)). Calculate the greatest common factor of r and 33.
33
Suppose 23 = -r - 5*f, -f - 7 - 6 = -4*r. Suppose 0 = 5*m - v - 9, -3*m + 4 = -0*v - 2*v. Calculate the greatest common divisor of r and m.
2
Let g = 50 - 109. Let u = -23 - g. Calculate the highest common factor of 4 and u.
4
Let i be (-9)/(-3 + 78/27). Let q = 5 - -4. Calculate the greatest common factor of i and q.
9
Suppose f + q + 6 = 0, 3*q + q - 16 = 4*f. Let z = 5 + f. Suppose 28 = 2*l + 4*s, 0*s + 3*s - 15 = z. What is the highest common factor of l and 10?
2
Suppose 255 = 5*i - 735. What is the greatest common divisor of 18 and i?
18
Suppose 48 = 2*b - 4*v, 0 = -4*b + 4*v - 9*v + 135. Let q = b + -9. Calculate the greatest common factor of 7 and q.
7
Let q = 49 + -19. Let c be (6 + -5)*(14 - (1 + 3)). Calculate the greatest common divisor of q and c.
10
Let m = 99 - 143. Let c = m - -172. Calculate the greatest common factor of c and 16.
16
Let i be 9/(-6)*22/(-3). What is the greatest common divisor of 99 and i?
11
Let y(k) = -2*k + 4. Let f be y(-6). Suppose z + 2*p - 1 = -2*z, -f = 4*p. Calculate the highest common factor of 27 and z.
3
Let z = 6 - 1. Let a be (-21)/(-35)*z*3. Calculate the greatest common divisor of 72 and a.
9
Let p(f) = 2*f**2 - 7*f + 35. Let s be p(7). What is the highest common factor of s and 63?
21
Suppose -4*g - 5*z = -5*g + 187, -2*g + 4*z = -344. Let a = -23 - -33. Let h be (-105)/a*(-12)/7. What is the highest common divisor of h and g?
18
Let r = -21 + 45. Suppose 4 = -4*z, 7*t + z = 4*t + 179. What is the highest common factor of t and r?
12
Let w(v) = v + 6. Let i be w(-6). Suppose 3*n = 3*a + 7*n - 1, 3*a - 2*n - 13 = i. What is the greatest common factor of a and 15?
3
Let n(m) = -m**3 - 15*m**2 - 13*m + 17. Let s be n(-14). Calculate the greatest common divisor of s and 15.
3
Let s be (42/9)/(2/12). What is the greatest common factor of 196 and s?
28
Suppose -4*j - 2*v + 101 = 25, -5*j + 98 = v. What is the highest common factor of 10 and j?
10
Suppose 17*x + 1420 = 6520. Calculate the highest common factor of 15 and x.
15
Suppose 3*n + 2*n = 5. Let f = 20 + -13. Suppose 0 = -g + f - n. Calculate the greatest common factor of g and 24.
6
Let y = 4 - 0. Suppose 2*n + f + 2*f = 73, 2*f + 142 = 3*n. Calculate the greatest common divisor of y and n.
4
Let u(h) = -h**2 + 9*h + 14. Let y be u(10). Suppose -y = -2*t + 28. Suppose -t = -m + 20. What is the highest common divisor of m and 9?
9
Let w(b) = 2*b. Let r(u) = 1. Let n = -3 + 2. Let j(c) = n*w(c) - 3*r(c). Let l be j(-2). Calculate the greatest common factor of l and 9.
1
Suppose 10*d + 364 = 4*z + 5*d, 182 = 2*z + d. Calculate the greatest common factor of z and 13.
13
Let y be (-3)/(2*(-1)/(-2)). Let p(s) = s**3 + 4*s**2 - 3. Let k be p(y). Suppose -m = -3*m + 132. What is the highest common factor of m and k?
6
Let a be 46/6 - (-3)/9. Let l(v) = 2*v**2 - 3*v - 6. Let s be l(6). Calculate the highest common divisor of s and a.
8
Suppose 6 = -2*s + 5*s. Suppose -3*l + s*k + 13 = 0, l = 5*l - 5*k - 22. Suppose 0 = -m + 18 + l. Calculate the highest common divisor of m and 14.
7
Let u = 6 + 8. Suppose -5*s + 25 = 0, 0*a - a = s - u. Suppose d = -4*r - 2*d + 7, -2*r + 6 = 4*d. What is the greatest common factor of r and a?
1
Let w be 4/8 + 3/2. Suppose -q - w*n + 13 = 0, n + 1 = q - 0*n. Suppose -8 = 2*s, 3*v - 2*v - 36 = q*s. What is the greatest common divisor of v and 24?
8
Let d(t) = t**3 - 8*t**2 + 8*t - 7. Let b be d(7). Suppose -f + 4 + 9 = b. What is the greatest common divisor of f and 13?
13
Let t be 10/(-3)*(-36)/4. What is the greatest common divisor of 12 and t?
6
Let a(r) = 6*r - 6. Let b be a(-9). Let v = b + 86. What is the greatest common divisor of 65 and v?
13
Let g = 123 - 84. What is the greatest common divisor of 39 and g?
39
Let y be (-2)/6 - (-7)/3. Let i be (22 - 0)/((-1)/(-1)). What is the greatest common factor of y and i?
2
Let q(f) = -f**3 - 2*f**2 + 3*f + 1. Let x be q(-4). What is the greatest common divisor of 14 and x?
7
Suppose q = w - 9 - 0, 4*w = 2*q + 32. What is the greatest common factor of 7 and w?
7
Suppose 14 = -5*j - 51. Let q be 4/(((-8)/78)/(-2)). Let s = q + j. What is the highest common factor of 13 and s?
13
Let q be 284/3 - 5/(-15). What is the greatest common divisor of 38 and q?
19
Let j(z) = 3*z - 1. Let p be j(-1). Let y = p + 13. Suppose -4*h + 5*t = -334, -5*h + 0*h + 409 = -2*t. Calculate the greatest common factor of h and y.
9
Let q be (-1*15)/(7 - 8). Let z = 10 + -6. Suppose -2*a + 2 = -z. Calculate the greatest common factor of q and a.
3
Let a be (-116)/(-12) - (-1)/3. Suppose -5*f - a = 0, -4*f - 11 = c + 5. Let h = -3 - c